prime number?
False
Is 989171 a prime number?
True
Is 166440683 a composite number?
False
Is 3319039 composite?
False
Is 61773551 composite?
True
Is 321353311 a prime number?
False
Is 359129 prime?
True
Is 779657 a composite number?
False
Is 5862261 a prime number?
False
Is 82529281 composite?
False
Is 421785737 prime?
False
Is 69594029 a prime number?
True
Is 3278542 composite?
True
Is 73173181 a composite number?
True
Is 148976843 a composite number?
True
Is 2651977 composite?
True
Is 14888161 a prime number?
True
Is 1349617 composite?
True
Is 718037 a composite number?
True
Is 132510193 composite?
True
Is 2962777 prime?
False
Is 2462069 prime?
True
Is 24010451 a prime number?
False
Is 1827863 composite?
False
Is 16621246 a composite number?
True
Is 34547761 prime?
False
Is 6460423 composite?
False
Is 381965677 prime?
False
Is 56560597 prime?
True
Is 12485393 composite?
True
Is 9344429 composite?
False
Is 224531 a composite number?
True
Is 354444739 a composite number?
True
Is 19794623 composite?
True
Is 726371 a composite number?
False
Is 21589077 prime?
False
Is 404210017 prime?
True
Is 315676793 composite?
True
Is 38689961 composite?
True
Is 61963613 prime?
False
Is 2617793 composite?
False
Is 15415637 a composite number?
False
Is 4997861 a composite number?
True
Is 59275603 prime?
True
Is 99090022 prime?
False
Is 4639813 a composite number?
True
Is 6733423 prime?
False
Is 241907 prime?
True
Is 18871933 a prime number?
False
Is 535063 a composite number?
True
Is 151202279 composite?
False
Is 1486831 composite?
True
Is 5637607 a composite number?
True
Is 98720467 a prime number?
False
Is 769651 composite?
True
Is 8330783 prime?
False
Is 18745187 a prime number?
True
Is 2990959 a composite number?
True
Is 9668071 a composite number?
True
Is 3825139 prime?
False
Is 3295991 composite?
False
Is 352865705 prime?
False
Is 1779353 a prime number?
False
Is 50776259 prime?
True
Is 973633 composite?
True
Is 11939407 a prime number?
True
Is 8352821 composite?
False
Is 388741 a composite number?
True
Is 207818153 composite?
True
Is 955945 a prime number?
False
Is 50557483 prime?
True
Is 12630701 prime?
True
Is 14700577 composite?
True
Is 331236971 prime?
False
Is 1456099 a prime number?
True
Is 76874377 prime?
True
Is 32023 a composite number?
True
Is 36684301 prime?
True
Is 67602919 composite?
True
Is 91312877 composite?
False
Is 28079407 a prime number?
True
Is 22409771 a composite number?
False
Is 120463817 composite?
True
Is 11431957 composite?
False
Is 61611729 composite?
True
Is 1222889 a prime number?
True
Is 662519951 a composite number?
True
Is 45992071 a prime number?
True
Is 134509955 a prime number?
False
Is 3025499 composite?
False
Is 469519 composite?
True
Is 29746733 a prime number?
True
Is 413009 prime?
True
Is 16019229 a prime number?
False
Is 226601707 a composite number?
False
Is 42070249 a composite number?
True
Is 110723497 composite?
True
Is 14683421 composite?
False
Is 197481257 a prime number?
True
Is 14058349 a prime number?
True
Is 218712647 a composite number?
False
Is 931139 composite?
True
Is 209424981 a composite number?
True
Is 135328099 composite?
True
Is 12297757 a prime number?
False
Is 8455877 a prime number?
True
Is 53371841 a prime number?
False
Is 64375841 a prime number?
True
Is 627559 a composite number?
False
Is 476065879 a composite number?
False
Is 34465027 a composite number?
True
Is 107652873 composite?
True
Is 74817373 a prime number?
False
Is 10877254 a composite number?
True
Is 2644699 composite?
True
Is 342857 composite?
True
Is 2450561 prime?
False
Is 2516021 a prime number?
True
Is 271429091 prime?
True
Is 136597891 composite?
False
Is 1254433 composite?
False
Is 803587 prime?
True
Is 968585291 a prime number?
False
Is 97043419 prime?
False
Is 6663539 composite?
False
Is 135074267 prime?
True
Is 217472693 prime?
True
Is 2541589 a composite number?
True
Is 147655877 a composite number?
False
Is 2537459 a composite number?
False
Is 3204839 prime?
False
Is 163863262 a composite number?
True
Is 1079411 prime?
False
Is 68361523 composite?
True
Is 57773267 a prime number?
True
Is 11808669 composite?
True
Is 1604879 composite?
True
Is 4935289 prime?
False
Is 30715169 a composite number?
False
Is 28569973 composite?
False
Is 285221 prime?
True
Is 487561 prime?
True
Is 68065607 composite?
True
Is 19416011 composite?
False
Is 84954641 a composite number?
False
Is 5833537 a prime number?
True
Is 2730779 prime?
False
Is 6101999 composite?
True
Is 20164211 prime?
False
Is 781097 a prime number?
False
Is 68621393 composite?
False
Is 3538615 prime?
False
Is 114681319 composite?
False
Is 1744579 prime?
True
Is 419141 composite?
False
Is 20500783 a prime number?
False
Is 346039 a prime number?
True
Is 134553581 a prime number?
False
Is 128417 prime?
False
Is 95728151 a composite number?
False
Is 4521211 prime?
False
Is 2194837 a composite number?
True
Is 1101453421 prime?
True
Is 3102557 composite?
False
Is 5559923 a composite number?
False
Is 52908281 prime?
True
Is 468131 prime?
False
Is 42359521 a composite number?
False
Is 10688749 a composite number?
True
Is 1253191 composite?
True
Is 4313009 a composite number?
True
Is 548467 a prime number?
False
Is 3684833 prime?
True
Is 7477017 a composite number?
True
Is 18245011 prime?
False
Is 816151 composite?
True
Is 19033709 prime?
True
Is 15823307 a composite number?
True
Is 9263383 prime?
False
Is 1627523 composite?
False
Is 151853539 composite?
False
Is 4379379 prime?
False
Is 5250274 prime?
False
Is 48613207 a composite number?
False
Is 15106107 a composite number?
True
Is 561073299 composite?
True
Is 77337703 prime?
False
Is 20704883 a prime number?
True
Is 477718613 composite?
False
Is 106503347 composite?
True
Is 22072271 a composite number?
True
Is 1555061 a composite number?
False
Is 10943233 a prime number?
False
Is 119091235 a prime number?
False
Is 270690955 composite?
True
Is 1282979641 prime?
False
Is 56725243 a prime number?
False
Is 89421947 prime?
True
Is 16178573 a prime number?
True
Is 6870377 a prime number?
True
Is 76440073 prime?
True
Is 33543641 prime?
True
Is 165314957 prime?
True
Is 663353 composite?
True
Is 72134681 a composite number?
False
Is 3298553 composite?
True
Is 27271603 prime?
True
Is 21830047 a composite number?
True
Is 724122415 composite?
True
Is 6355949 a prime number?
True
Is 51831331 a prime number?
True
Is 202766143 a prime number?
False
Is 738545021 prime?
True
Is 2159321 a prime number?
False
Is 2909791 composite?
True
Is 69378461 prime?
True
Is 20297527 a composite number?
False
Is 891117823 prime?
False
Is 145739653 prime?
False
Is 5323007 composite?
False
Is 380993 a prime number?
False
Is 149983 prime?
False
Is 224534831 composite?
False
Is 34604545 a prime number?
False
Is 238503821 prime?
True
Is 339223 a prime number?
True
Is 483386003 a composite number?
True
Is 1245649 a composite number?
False
Is 1063813 prime?
True
Is 120997 prime?
True
Is 18303013 a composite number?
True
Is 3028093 prime?
False
Is 389923 a composite number?
False
Is 6506861 a prime number?
False
Is 790417 composite?
False
Is 161415671 a composite number?
True
Is 105908389 composite?
False
Is 67070327 a prime number?
False
Is 114693871 composite?
False
Is 2093279 a prime number?
True
Is 116500213 a prime number?
True
Is 18976349 prime?
False
Is 172477363 prime?
False
Is 159039877 a composite number?
True
Is 5416265 a composite number?
True
Is 26776291 a composite number?
False
Is 42660271 a composite number?
False
Is 2201099 prime?
True
Is 3360937 a composite number?
False
Is 1704119543 a composite number?
True
Is 60476863 prime?
True
Is 25940243 prime?
False
Is 1938067 prime?
True
Is 15448717 prime?
True
Is 134677 a composite number?
False
Is 6951299 a prime number?
False
Is 700577 a prime number?
True
Is 34240391 prime?
True
Is 204016807 a composite number?
False
Is 3169139 prime?
False
Is 222419 prime?
True
Is 1086451 prime?
False
Is 808853 prime?
True
Is 658657921 composite?
False
Is 725521237 a composite number?
True
Is 1193173 a composite number?
False
Is 530562259 a composite number?
True
Is 3547345 a prime number?
False
Is 1420795 composite?
True
Is 143699863 a composite number?
False
Is 12639853 a composite number?
True
Is 388753457 